{"id":44,"date":"2017-06-19T07:06:06","date_gmt":"2017-06-19T07:06:06","guid":{"rendered":"http:\/\/138.68.83.236\/?page_id=44"},"modified":"2018-07-18T05:24:40","modified_gmt":"2018-07-18T05:24:40","slug":"bocker","status":"publish","type":"page","link":"https:\/\/www.kaizensupport.se\/index.php\/bocker\/","title":{"rendered":"B\u00f6cker"},"content":{"rendered":"<p>[et_pb_section bb_built=&#8221;1&#8243; admin_label=&#8221;Section&#8221; custom_padding=&#8221;47.6667px|0px|0px|0px&#8221; _builder_version=&#8221;3.0.47&#8243;][et_pb_row admin_label=&#8221;Row&#8221; _builder_version=&#8221;3.0.47&#8243; background_size=&#8221;initial&#8221; background_position=&#8221;top_left&#8221; background_repeat=&#8221;repeat&#8221;][et_pb_column type=&#8221;4_4&#8243;][et_pb_text admin_label=&#8221;Text&#8221; text_orientation=&#8221;center&#8221; _builder_version=&#8221;3.0.51&#8243; text_font=&#8221;|||on|&#8221; text_letter_spacing=&#8221;8px&#8221;]<\/p>\n<h2>B\u00f6cker<\/h2>\n<p>[\/et_pb_text][et_pb_text admin_label=&#8221;Text&#8221; text_orientation=&#8221;center&#8221; _builder_version=&#8221;3.0.51&#8243; text_font_size=&#8221;16&#8243;]<\/p>\n<p>Best\u00e4ll b\u00f6cker genom att <a href=\"mailto: asa.meland@kaizensupport.se\">skicka mig ett mail<\/a>, <a href=\"http:\/\/www.adlibris.com\/se\/sok?q=%C3%A5sa+meland\" target=\"_blank\" rel=\"noopener\">Adlibris<\/a> eller <a href=\"https:\/\/www.liber.se\/Search\/?searchText=%C3%A5sa+meland&amp;categoryCode=TG&amp;sortOrder=&amp;filter=&amp;page=1&amp;topCategoryCode=TG\" target=\"_blank\" rel=\"noopener\">Liber<\/a>. Eller st\u00f6d g\u00e4rna din lokala bokhandel.<\/p>\n<p>[\/et_pb_text][\/et_pb_column][\/et_pb_row][\/et_pb_section][et_pb_section bb_built=&#8221;1&#8243; admin_label=&#8221;Section&#8221; custom_padding=&#8221;54px|0px|50px|0px&#8221; _builder_version=&#8221;3.0.51&#8243;][et_pb_row admin_label=&#8221;Row&#8221; custom_padding=&#8221;|||20px&#8221; background_color=&#8221;#f8f8f8&#8243; background_position_1=&#8221;top_left&#8221; background_position_2=&#8221;top_left&#8221; background_repeat_1=&#8221;no-repeat&#8221; background_repeat_2=&#8221;no-repeat&#8221; _builder_version=&#8221;3.0.51&#8243; background_size=&#8221;initial&#8221; background_position=&#8221;top_left&#8221; background_repeat=&#8221;repeat&#8221;][et_pb_column type=&#8221;2_3&#8243;][et_pb_image admin_label=&#8221;Image&#8221; src=&#8221;\/wp-content\/uploads\/2017\/06\/lean-ar-bara-ett-namn.jpg&#8221; url_new_window=&#8221;on&#8221; disabled_on=&#8221;|off|on&#8221; _builder_version=&#8221;3.0.51&#8243; show_in_lightbox=&#8221;off&#8221; use_overlay=&#8221;off&#8221; sticky=&#8221;off&#8221; align=&#8221;left&#8221; always_center_on_mobile=&#8221;on&#8221; border_style=&#8221;solid&#8221; force_fullwidth=&#8221;off&#8221; \/][et_pb_text admin_label=&#8221;Text&#8221; _builder_version=&#8221;3.0.51&#8243;]<\/p>\n<h2>Lean \u00e4r bara ett namn<\/h2>\n<p><span style=\"color: #ce0e43;\">292 :-<\/span><\/p>\n<p>[\/et_pb_text][et_pb_toggle admin_label=&#8221;Toggle&#8221; title=&#8221;Lean g\u00e5r ut p\u00e5 att maximera kundnyttan och samtidigt minimera resurssl\u00f6seriet. F\u00f6r att uppn\u00e5 detta m\u00e5ste man organisera verksamhetens resurser kring kundens behov och fl\u00f6de, i st\u00e4llet f\u00f6r att ensidigt fokusera p\u00e5 hur resurserna utnyttjas. Det \u00e4r f\u00f6rst d\u00e5 man hittar smarta l\u00f6sningar, utanf\u00f6r de gamla invanda m\u00f6nstren, som till exempel att dela ett p\u00e4ron horisontellt.&#8221; open_toggle_background_color=&#8221;#f8f8f8&#8243; closed_toggle_background_color=&#8221;#f8f8f8&#8243; icon_color=&#8221;#ff6125&#8243; _builder_version=&#8221;3.0.51&#8243; title_font_size=&#8221;14&#8243; title_line_height=&#8221;1.7em&#8221; body_line_height=&#8221;1.8em&#8221; use_border_color=&#8221;on&#8221; border_width=&#8221;0px&#8221;]<\/p>\n<p>\u2013 Varf\u00f6r delade du p\u00e4ronet horisontellt n\u00e4r du skulle dela det i tv\u00e5 delar? Ett p\u00e4ron delar man ju vertikalt!<br \/>\n\u2013 Men, om jag delar det s\u00e5 h\u00e4r blir det mindre snittyta p\u00e5 den delen som ligger kvar ute i k\u00f6ket och kan bli brun.<\/p>\n<p>Lean g\u00e5r ut p\u00e5 att maximera kundnyttan och samtidigt minimera resurssl\u00f6seriet. F\u00f6r att uppn\u00e5 detta m\u00e5ste man organisera verksamhetens resurser kring kundens behov och fl\u00f6de, i st\u00e4llet f\u00f6r att ensidigt fokusera p\u00e5 hur resurserna utnyttjas. Det \u00e4r f\u00f6rst d\u00e5 man hittar smarta l\u00f6sningar, utanf\u00f6r de gamla invanda m\u00f6nstren, som till exempel att dela ett p\u00e4ron horisontellt.<\/p>\n<p>Med Lean \u00e4r bara ett namn vill \u00c5sa Meland inspirera fler till att arbeta lean genom att enkelt och konkret tydligg\u00f6ra hur man kan planera, genomf\u00f6ra eller vitalisera ett leanarbete. M\u00e5lgruppen \u00e4r chefer och ledare, men \u00e4ven alla de medarbetare som m\u00e5ste vara involverade f\u00f6r att f\u00f6rb\u00e4ttringsarbetet ska bli framg\u00e5ngsrikt.<br \/>\nBoken inleds med att f\u00f6rklara bakgrunden till konceptet lean f\u00f6r att sedan beskriva hur det praktiska arbetet kan bedrivas. Begrepp som Toyotamodellen, PDCA-cykeln och kaizen f\u00f6rklaras och konkretiseras p\u00e5 ett l\u00e4ttbegripligt s\u00e4tt med syftet att f\u00f6renkla det praktiska genomf\u00f6randet av konceptet.<\/p>\n<p>[\/et_pb_toggle][et_pb_button admin_label=&#8221;Adlibris&#8221; button_url=&#8221;http:\/\/www.adlibris.com\/se\/bok\/lean-ar-bara-ett-namn&#8212;maximera-kundnyttan-och-minimera-resurssloseriet-9789147122257&#8243; url_new_window=&#8221;on&#8221; button_text=&#8221;Adlibris&#8221; button_alignment=&#8221;left&#8221; _builder_version=&#8221;3.0.51&#8243; background_color=&#8221;#7EBEC5&#8243; \/][et_pb_button admin_label=&#8221;Liber&#8221; button_url=&#8221;https:\/\/www.liber.se\/Management\/Management\/Lean-ar-bara-ett-namn\/&#8221; url_new_window=&#8221;on&#8221; button_text=&#8221;Liber&#8221; button_alignment=&#8221;left&#8221; _builder_version=&#8221;3.0.51&#8243; background_color=&#8221;#7EBEC5&#8243; \/][\/et_pb_column][et_pb_column type=&#8221;1_3&#8243;][et_pb_image admin_label=&#8221;Image&#8221; src=&#8221;\/wp-content\/uploads\/2017\/06\/lean-ar-bara-ett-namn.jpg&#8221; url_new_window=&#8221;on&#8221; disabled_on=&#8221;on|on|&#8221; _builder_version=&#8221;3.0.51&#8243; show_in_lightbox=&#8221;off&#8221; use_overlay=&#8221;off&#8221; sticky=&#8221;off&#8221; align=&#8221;left&#8221; always_center_on_mobile=&#8221;on&#8221; border_style=&#8221;solid&#8221; force_fullwidth=&#8221;off&#8221; \/][\/et_pb_column][\/et_pb_row][\/et_pb_section][et_pb_section bb_built=&#8221;1&#8243; admin_label=&#8221;Section&#8221; custom_padding=&#8221;0px|0px|50px|0px&#8221; _builder_version=&#8221;3.0.51&#8243;][et_pb_row admin_label=&#8221;Row&#8221; custom_padding=&#8221;|||20px&#8221; background_color=&#8221;#f8f8f8&#8243; background_position_1=&#8221;top_left&#8221; background_position_2=&#8221;top_left&#8221; background_repeat_1=&#8221;no-repeat&#8221; background_repeat_2=&#8221;no-repeat&#8221; _builder_version=&#8221;3.0.51&#8243; background_size=&#8221;initial&#8221; background_position=&#8221;top_left&#8221; background_repeat=&#8221;repeat&#8221;][et_pb_column type=&#8221;2_3&#8243;][et_pb_image admin_label=&#8221;Image&#8221; src=&#8221;\/wp-content\/uploads\/2017\/06\/vaga_valja.gif.jpg&#8221; url_new_window=&#8221;on&#8221; max_width=&#8221;300px&#8221; disabled_on=&#8221;|off|on&#8221; _builder_version=&#8221;3.0.51&#8243; show_in_lightbox=&#8221;off&#8221; use_overlay=&#8221;off&#8221; sticky=&#8221;off&#8221; align=&#8221;left&#8221; always_center_on_mobile=&#8221;on&#8221; border_style=&#8221;solid&#8221; force_fullwidth=&#8221;off&#8221; \/][et_pb_text admin_label=&#8221;Text&#8221; _builder_version=&#8221;3.0.51&#8243;]<\/p>\n<h2>V\u00e5ga v\u00e4lja! &#8211; planera ditt liv med kaizenmetoden<\/h2>\n<p><span style=\"color: #ce0e43;\">246 :-<\/span><\/p>\n<p>[\/et_pb_text][et_pb_toggle admin_label=&#8221;Toggle&#8221; title=&#8221;K\u00e4nns det som om livet inte riktigt blivit vad du hade t\u00e4nkt? Eller stressar du f\u00f6r att h\u00e5lla alla bollar i luften utan att hinna med de d\u00e4r sakerna som du egentligen vill g\u00f6ra? Och vet du vad det \u00e4r du vill g\u00f6ra? Vad vill du ha ut av livet? Hur fort ska ditt liv g\u00e5? Vad vill din livskamrat med sitt liv? K\u00e4nner ni \u00f6ver huvud taget till varandras dr\u00f6mmar? &#8221; open_toggle_background_color=&#8221;#f8f8f8&#8243; closed_toggle_background_color=&#8221;#f8f8f8&#8243; icon_color=&#8221;#ff6125&#8243; _builder_version=&#8221;3.0.51&#8243; title_font_size=&#8221;14&#8243; title_line_height=&#8221;1.7em&#8221; body_line_height=&#8221;1.8em&#8221; use_border_color=&#8221;on&#8221; border_width=&#8221;0px&#8221;]<\/p>\n<p>I dagens samh\u00e4lle f\u00f6rs\u00f6ker vi att g\u00f6ra allting samtidigt. Vi ska jobba och ha barn, tr\u00e4na kroppen och resa. Vi har blivit s\u00e5 effektiva och s\u00e5 snabba, men till vilken nytta? V\u00e5ra valm\u00f6jligheter tycks o\u00e4ndliga. Som m\u00e4nniska skapar man sitt liv genom sina val. Om du inte v\u00e5gar stanna upp och fundera p\u00e5 vad du vill v\u00e4lja, \u00e4r risken stor att du inte hinner v\u00e4lja alls. Det f\u00e5r bli som det blir.<\/p>\n<p>Men om du ist\u00e4llet best\u00e4mmer dig f\u00f6r att du har ett val och att du t\u00e4nker g\u00f6ra det valet, kan du med f\u00f6rdel anv\u00e4nda dig av den japanska metoden att t\u00e4nka och n\u00e5 handling &#8211; kaizen. Den inneb\u00e4r att ta sm\u00e5 steg mot st\u00e4ndig f\u00f6rb\u00e4ttring, att g\u00f6ra n\u00e5got bra av det som redan finns. S\u00f6k dina svar p\u00e5 fr\u00e5gor som:<\/p>\n<p>&#8211; Jobba mer och mycket prylar eller jobba mindre och f\u00e4rre prylar?<br \/>\n&#8211; Vilket \u00e4r viktigast, tv\u00e5 bilar eller mer tid med barnen n\u00e4r de \u00e4r sm\u00e5?<br \/>\n&#8211; Vilka &#8220;tidstjuvar&#8221; har jag i mitt liv och hur kan jag ta bort dem?<br \/>\n&#8211; Hur vill jag leva som pension\u00e4r? Hur f\u00e5r jag r\u00e5d med det?<\/p>\n<p>Och n\u00e4r du har svaren kan du st\u00e4lla in siktet mot ditt m\u00e5l och dina dr\u00f6mmar. \u00c4ven sm\u00e5 f\u00f6r\u00e4ndringar leder till ett b\u00e4ttre och mer tillfredsst\u00e4llande liv. Vad v\u00e4ntar du p\u00e5?<\/p>\n<p>&#8220;En intressant och ibland n\u00e4stan sm\u00e4rtsamt tankev\u00e4ckande bok som de flesta har nytta av att l\u00e4sa&#8221; -Jusektidningen<\/p>\n<p>[\/et_pb_toggle][et_pb_button admin_label=&#8221;Adlibris&#8221; button_url=&#8221;http:\/\/www.adlibris.com\/se\/bok\/vaga-valja&#8212;planera-ditt-liv-med-kaizenmetoden-9789170053436&#8243; url_new_window=&#8221;on&#8221; button_text=&#8221;Adlibris&#8221; button_alignment=&#8221;left&#8221; _builder_version=&#8221;3.0.51&#8243; background_color=&#8221;#7EBEC5&#8243; \/][et_pb_button admin_label=&#8221;Liber&#8221; button_url=&#8221;https:\/\/www.liber.se\/Management\/Karriar-och-Livsstil\/Vaga-valja\/&#8221; url_new_window=&#8221;on&#8221; button_text=&#8221;Liber&#8221; button_alignment=&#8221;left&#8221; _builder_version=&#8221;3.0.51&#8243; background_color=&#8221;#7EBEC5&#8243; \/][\/et_pb_column][et_pb_column type=&#8221;1_3&#8243;][et_pb_image admin_label=&#8221;Image&#8221; src=&#8221;\/wp-content\/uploads\/2017\/06\/vaga_valja.gif.jpg&#8221; url_new_window=&#8221;on&#8221; disabled_on=&#8221;on|on|&#8221; _builder_version=&#8221;3.0.51&#8243; show_in_lightbox=&#8221;off&#8221; use_overlay=&#8221;off&#8221; sticky=&#8221;off&#8221; align=&#8221;left&#8221; always_center_on_mobile=&#8221;on&#8221; border_style=&#8221;solid&#8221; force_fullwidth=&#8221;off&#8221; \/][\/et_pb_column][\/et_pb_row][\/et_pb_section][et_pb_section bb_built=&#8221;1&#8243; admin_label=&#8221;Section&#8221; custom_padding=&#8221;0px|0px|47.6667px|0px&#8221; _builder_version=&#8221;3.0.51&#8243;][et_pb_row admin_label=&#8221;Row&#8221; custom_padding=&#8221;|||20px&#8221; background_color=&#8221;#f8f8f8&#8243; background_position_1=&#8221;top_left&#8221; background_position_2=&#8221;top_left&#8221; background_repeat_1=&#8221;no-repeat&#8221; background_repeat_2=&#8221;no-repeat&#8221; _builder_version=&#8221;3.0.51&#8243; background_size=&#8221;initial&#8221; background_position=&#8221;top_left&#8221; background_repeat=&#8221;repeat&#8221;][et_pb_column type=&#8221;2_3&#8243;][et_pb_image admin_label=&#8221;Image&#8221; src=&#8221;\/wp-content\/uploads\/2017\/06\/kaizen_webb.jpg&#8221; url_new_window=&#8221;on&#8221; max_width=&#8221;300px&#8221; disabled_on=&#8221;|off|on&#8221; _builder_version=&#8221;3.0.51&#8243; show_in_lightbox=&#8221;off&#8221; use_overlay=&#8221;off&#8221; sticky=&#8221;off&#8221; align=&#8221;left&#8221; always_center_on_mobile=&#8221;on&#8221; border_style=&#8221;solid&#8221; force_fullwidth=&#8221;off&#8221; \/][et_pb_text admin_label=&#8221;Text&#8221; _builder_version=&#8221;3.0.51&#8243;]<\/p>\n<h2 class=\"heading--product-title \">Kaizen : sakta ner och g\u00f6r mer<\/h2>\n<p><span style=\"color: #ce0e43;\">272 :-<\/span><\/p>\n<p>[\/et_pb_text][et_pb_toggle admin_label=&#8221;Toggle&#8221; title=&#8221;Den h\u00e4r boken \u00e4r ett f\u00f6rs\u00f6k att spr\u00e4cka myten om att man m\u00e5ste sk\u00e4ra ner eller g\u00f6ra en omorganisation f\u00f6r att lyckas att n\u00e5 ett vinstgivande resultat. Det handlar om hur man n\u00e5r framg\u00e5ng genom att f\u00f6rb\u00e4ttra det som redan finns.&#8221; open_toggle_background_color=&#8221;#f8f8f8&#8243; closed_toggle_background_color=&#8221;#f8f8f8&#8243; icon_color=&#8221;#ff6125&#8243; _builder_version=&#8221;3.0.51&#8243; title_font_size=&#8221;14&#8243; title_line_height=&#8221;1.7em&#8221; body_line_height=&#8221;1.8em&#8221; use_border_color=&#8221;on&#8221; border_width=&#8221;0px&#8221;]<\/p>\n<p>N\u00e4r vi i &#8220;V\u00e4sterlandet&#8221; ska g\u00f6ra f\u00f6r\u00e4ndringar och f\u00f6rb\u00e4ttringar f\u00f6reg\u00e5s det ofta av utf\u00f6rliga utredningar och analyser som tar l\u00e5ng tid och innan f\u00f6r\u00e4ndringen har blivit verklighet \u00e4r det dags f\u00f6r en ny utredning&#8230;<\/p>\n<p>Japanerna har en annan inst\u00e4llning som brukar sammanfattas i ordet KAIZEN. KAI betyder f\u00f6r\u00e4ndring och ZEN betyder till det b\u00e4ttre. N\u00e4r man s\u00e4tter ihop dem tillfogas ytterligare en dimension &#8211; st\u00e4ndig. KAIZEN kan allts\u00e5 tydas som st\u00e4ndiga f\u00f6r\u00e4ndringar till det b\u00e4ttre.<\/p>\n<p>I boken visas hur man praktiskt och konkret kan f\u00f6rb\u00e4ttre sin egen och organisationens situation. Probleml\u00f6sning, effektivitet, trivsel, kaizen i det strategiska arbetet, kaizen i praktiken, att fatta beslut &#8211; m\u00f6testeknik och ledarskap \u00e4r n\u00e5gra av de omr\u00e5den som boken behandlar.<\/p>\n<p>&#8220;Nyttig f\u00f6r b\u00e5de sm\u00e5 och stora f\u00f6retag &#8211; och inspirerande f\u00f6r privatpersonen&#8221; -Dagens Handel<\/p>\n<p>[\/et_pb_toggle][et_pb_button admin_label=&#8221;Adlibris&#8221; button_url=&#8221;http:\/\/www.adlibris.com\/se\/bok\/kaizen-sakta-ner-och-gor-mer-9789170053023&#8243; url_new_window=&#8221;on&#8221; button_text=&#8221;Adlibris&#8221; button_alignment=&#8221;left&#8221; _builder_version=&#8221;3.0.51&#8243; background_color=&#8221;#7EBEC5&#8243; \/][et_pb_button admin_label=&#8221;Liber&#8221; button_url=&#8221;https:\/\/www.liber.se\/Management\/Karriar-och-Livsstil\/Kaizen&#8211;sakta-ner-och-gor-mer\/&#8221; url_new_window=&#8221;on&#8221; button_text=&#8221;Liber&#8221; button_alignment=&#8221;left&#8221; _builder_version=&#8221;3.0.51&#8243; background_color=&#8221;#7EBEC5&#8243; \/][\/et_pb_column][et_pb_column type=&#8221;1_3&#8243;][et_pb_image admin_label=&#8221;Image&#8221; src=&#8221;\/wp-content\/uploads\/2017\/06\/kaizen_webb.jpg&#8221; url_new_window=&#8221;on&#8221; disabled_on=&#8221;on|on|&#8221; _builder_version=&#8221;3.0.51&#8243; show_in_lightbox=&#8221;off&#8221; use_overlay=&#8221;off&#8221; sticky=&#8221;off&#8221; align=&#8221;left&#8221; always_center_on_mobile=&#8221;on&#8221; border_style=&#8221;solid&#8221; force_fullwidth=&#8221;off&#8221; \/][\/et_pb_column][\/et_pb_row][\/et_pb_section]<\/p>\n","protected":false},"excerpt":{"rendered":"<p>B\u00f6cker Best\u00e4ll b\u00f6cker genom att skicka mig ett mail, Adlibris eller Liber. Eller st\u00f6d g\u00e4rna din lokala bokhandel. Lean \u00e4r bara ett namn 292 :- \u2013 Varf\u00f6r delade du p\u00e4ronet horisontellt n\u00e4r du skulle dela det i tv\u00e5 delar? Ett p\u00e4ron delar man ju vertikalt! \u2013 Men, om jag delar det s\u00e5 h\u00e4r blir det [&hellip;]<\/p>\n","protected":false},"author":1,"featured_media":0,"parent":0,"menu_order":0,"comment_status":"closed","ping_status":"closed","template":"","meta":{"_et_pb_use_builder":"on","_et_pb_old_content":"","_et_gb_content_width":"","footnotes":""},"class_list":["post-44","page","type-page","status-publish","hentry"],"_links":{"self":[{"href":"https:\/\/www.kaizensupport.se\/index.php\/wp-json\/wp\/v2\/pages\/44","targetHints":{"allow":["GET"]}}],"collection":[{"href":"https:\/\/www.kaizensupport.se\/index.php\/wp-json\/wp\/v2\/pages"}],"about":[{"href":"https:\/\/www.kaizensupport.se\/index.php\/wp-json\/wp\/v2\/types\/page"}],"author":[{"embeddable":true,"href":"https:\/\/www.kaizensupport.se\/index.php\/wp-json\/wp\/v2\/users\/1"}],"replies":[{"embeddable":true,"href":"https:\/\/www.kaizensupport.se\/index.php\/wp-json\/wp\/v2\/comments?post=44"}],"version-history":[{"count":46,"href":"https:\/\/www.kaizensupport.se\/index.php\/wp-json\/wp\/v2\/pages\/44\/revisions"}],"predecessor-version":[{"id":230,"href":"https:\/\/www.kaizensupport.se\/index.php\/wp-json\/wp\/v2\/pages\/44\/revisions\/230"}],"wp:attachment":[{"href":"https:\/\/www.kaizensupport.se\/index.php\/wp-json\/wp\/v2\/media?parent=44"}],"curies":[{"name":"wp","href":"https:\/\/api.w.org\/{rel}","templated":true}]}}